{"id":97,"date":"2025-09-04T20:38:35","date_gmt":"2025-09-04T20:38:35","guid":{"rendered":"https:\/\/zenivia.tech\/blog\/?page_id=97"},"modified":"2025-09-04T20:38:35","modified_gmt":"2025-09-04T20:38:35","slug":"politica-de-privacidad","status":"publish","type":"page","link":"http:\/\/zenivia.tech\/blog\/es\/politica-de-privacidad\/","title":{"rendered":"Pol\u00edtica De Privacidad"},"content":{"rendered":"\n<h2 class=\"wp-block-heading\">Quienes somos<\/h2>\n\n\n\n<p><strong class=\"privacy-policy-tutorial\">Texto sugerido: <\/strong>Nuestra direcci\u00f3n del sitio web es: http:\/\/zenivia.tech\/blog.<\/p>\n\n\n\n<h2 class=\"wp-block-heading\">Comentarios<\/h2>\n\n\n\n<p><strong class=\"privacy-policy-tutorial\">Texto sugerido: <\/strong>Cuando los visitantes dejar comentarios en el sitio, recopilamos los datos que se muestran en el formulario de comentarios, y tambi\u00e9n la direcci\u00f3n IP del visitante y el navegador de la cadena de agente de usuario para ayudar a la detecci\u00f3n de spam.<\/p>\n\n\n\n<p>A\u00f1o an\u00f3nimos cadena creado a partir de su direcci\u00f3n de correo electr\u00f3nico (tambi\u00e9n llamado un &#8216;hash&#8217;) puede ser proporcionada para el servicio de Gravatar para ver si usted lo est\u00e1 utilizando. El Gravatar de servicio pol\u00edtica de privacidad est\u00e1 disponible aqu\u00ed: https:\/\/automattic.com\/privacy\/. Despu\u00e9s de la aprobaci\u00f3n de su c\u00f3mo, su foto de perfil es visible para el p\u00fablico en el contexto de su comentario.<\/p>\n\n\n\n<h2 class=\"wp-block-heading\">Los medios de comunicaci\u00f3n<\/h2>\n\n\n\n<p><strong class=\"privacy-policy-tutorial\">Texto sugerido: <\/strong>Si usted subir im\u00e1genes a la web, usted debe evitar subir im\u00e1genes con la inserci\u00f3n de la ubicaci\u00f3n de los datos EXIF (GPS) incluido. Los visitantes del sitio web pueden descargar y extraer los datos de ubicaci\u00f3n de las im\u00e1genes en el sitio web.<\/p>\n\n\n\n<h2 class=\"wp-block-heading\">Las Cookies<\/h2>\n\n\n\n<p><strong class=\"privacy-policy-tutorial\">Texto sugerido: <\/strong>Si dejas un comentario en nuestro sitio usted puede optar por guardar su nombre, direcci\u00f3n de correo electr\u00f3nico y sitio web las cookies. Estos son para su comodidad, para que usted no tiene que rellenar sus datos de nuevo al dejar otro comentario. Estas cookies tendr\u00e1 una duraci\u00f3n de un a\u00f1o.<\/p>\n\n\n\n<p>Si usted visita nuestra p\u00e1gina de inicio de sesi\u00f3n, vamos a establecer una cookie temporal para determinar si su navegador acepta cookies. Esta cookie no contiene datos personales y se eliminan al cerrar el navegador.<\/p>\n\n\n\n<p>Al iniciar la sesi\u00f3n, tambi\u00e9n podremos configurar varias cookies para guardar su informaci\u00f3n de inicio de sesi\u00f3n y la visualizaci\u00f3n de la pantalla de opciones. Inicio de sesi\u00f3n las cookies tienen una duraci\u00f3n de dos d\u00edas, y la pantalla de opciones de cookies duran un a\u00f1o. Si selecciona la opci\u00f3n &#8216;remember Me&#8217;, su inicio de sesi\u00f3n durar\u00e1 dos semanas. Si la sesi\u00f3n de su cuenta, el inicio de sesi\u00f3n cookies ser\u00e1 eliminado.<\/p>\n\n\n\n<p>Si edita o a\u00f1o de publicaci\u00f3n del art\u00edculo, una cookie adicional ser\u00e1 guardada en su navegador. Esta cookie no contiene datos de car\u00e1cter personal y simplemente indica el ID del post de el art\u00edculo que acaba de editar. Expira despu\u00e9s de 1 d\u00eda.<\/p>\n\n\n\n<h2 class=\"wp-block-heading\">Incrustado contenido de otros sitios web<\/h2>\n\n\n\n<p><strong class=\"privacy-policy-tutorial\">Texto sugerido: <\/strong>Art\u00edculos en este sitio web puede incluir contenido incrustado (por ejemplo, v\u00eddeos, im\u00e1genes, art\u00edculos, etc.). Incrustado contenido de otros sitios web se comporta exactamente de la misma manera como si el usuario ha visitado el sitio web.<\/p>\n\n\n\n<p>Estos sitios web pueden recopilar informaci\u00f3n acerca de usted, el uso de las cookies, incrustar adicionales de seguimiento de terceros, y supervisar su interacci\u00f3n con contenido incrustado, incluyendo el seguimiento de su interacci\u00f3n con el contenido embebido si usted tiene una cuenta y se registran en este sitio web.<\/p>\n\n\n\n<h2 class=\"wp-block-heading\">Que compartimos sus datos con<\/h2>\n\n\n\n<p><strong class=\"privacy-policy-tutorial\">Texto sugerido: <\/strong>Si usted solicita un restablecimiento de contrase\u00f1a, tu direcci\u00f3n IP ser\u00e1 incluido en el correo electr\u00f3nico de restablecimiento.<\/p>\n\n\n\n<h2 class=\"wp-block-heading\">\u00bfCu\u00e1nto tiempo podemos conservar sus datos<\/h2>\n\n\n\n<p><strong class=\"privacy-policy-tutorial\">Texto sugerido: <\/strong>Si dejas un comentario, el comentario y sus metadatos se conservan indefinidamente. De esta manera, podremos reconocer y aprobar cualquier seguimiento de los comentarios autom\u00e1ticamente en lugar de mantenerlos en una cola de moderaci\u00f3n.<\/p>\n\n\n\n<p>Para los usuarios que se registren en nuestro sitio web (si lo hubiere), tambi\u00e9n almacenamos la informaci\u00f3n personal que proporcione en su perfil de usuario. Todos los usuarios pueden ver, editar o eliminar su informaci\u00f3n personal en cualquier momento (con la excepci\u00f3n de que no puede cambiar su nombre de usuario). Los administradores del sitio web tambi\u00e9n puede ver y editar la informaci\u00f3n.<\/p>\n\n\n\n<h2 class=\"wp-block-heading\">Qu\u00e9 derechos tiene sobre sus datos<\/h2>\n\n\n\n<p><strong class=\"privacy-policy-tutorial\">Texto sugerido: <\/strong>Si usted tiene una cuenta en este sitio, o han dejado comentarios, usted puede solicitar para recibir un archivo exportado de los datos personales que tenemos sobre usted, incluyendo cualquier dato que usted nos ha proporcionado. Usted tambi\u00e9n puede solicitar que nos borrar cualquier dato personal que tenemos sobre usted. Esto no incluye todos los datos que est\u00e1n obligados a mantener administrativos, legales, o con fines de seguridad.<\/p>\n\n\n\n<h2 class=\"wp-block-heading\">Donde los datos se siente<\/h2>\n\n\n\n<p><strong class=\"privacy-policy-tutorial\">Texto sugerido: <\/strong>comentarios de los Visitantes puede ser verificada a trav\u00e9s de un sistema automatizado de detecci\u00f3n de spam de servicio.<\/p>\n","protected":false},"excerpt":{"rendered":"<p>Quienes somos Texto sugerido: Nuestra direcci\u00f3n del sitio web es: http:\/\/zenivia.tech\/blog. Comentarios Texto sugerido: Cuando los visitantes dejar comentarios en el sitio, recopilamos los datos que se muestran en el formulario de comentarios, y tambi\u00e9n la direcci\u00f3n IP del visitante y el navegador de la cadena de agente de usuario para ayudar a la detecci\u00f3n [&hellip;]<\/p>\n","protected":false},"author":1,"featured_media":0,"parent":0,"menu_order":0,"comment_status":"closed","ping_status":"open","template":"","meta":{"footnotes":""},"class_list":["post-97","page","type-page","status-publish","hentry"],"yoast_head":"<!-- This site is optimized with the Yoast SEO plugin v26.9 - https:\/\/yoast.com\/product\/yoast-seo-wordpress\/ -->\n<title>Pol\u00edtica De Privacidad - WordPress<\/title>\n<meta name=\"description\" content=\"%Quienes somos Texto sugerido: Nuestra direcci\u00f3n del sitio web es: http:\/\/zenivia.tech\/blog. Comentarios Texto sugerido: Cuando los visitantes dejar\" \/>\n<meta name=\"robots\" content=\"index, follow, max-snippet:-1, max-image-preview:large, max-video-preview:-1\" \/>\n<link rel=\"canonical\" href=\"http:\/\/zenivia.tech\/blog\/es\/politica-de-privacidad\/\" \/>\n<meta property=\"og:locale\" content=\"en_US\" \/>\n<meta property=\"og:type\" content=\"article\" \/>\n<meta property=\"og:title\" content=\"Pol\u00edtica De Privacidad - WordPress\" \/>\n<meta property=\"og:description\" content=\"%Quienes somos Texto sugerido: Nuestra direcci\u00f3n del sitio web es: http:\/\/zenivia.tech\/blog. Comentarios Texto sugerido: Cuando los visitantes dejar\" \/>\n<meta property=\"og:url\" content=\"http:\/\/zenivia.tech\/blog\/es\/politica-de-privacidad\/\" \/>\n<meta property=\"og:site_name\" content=\"WordPress\" \/>\n<meta property=\"article:publisher\" content=\"https:\/\/www.facebook.com\/people\/Zenivia-Commu\/61579001891202\/\" \/>\n<meta name=\"twitter:card\" content=\"summary_large_image\" \/>\n<meta name=\"twitter:label1\" content=\"Est. reading time\" \/>\n\t<meta name=\"twitter:data1\" content=\"4 minutes\" \/>\n<script type=\"application\/ld+json\" class=\"yoast-schema-graph\">{\"@context\":\"https:\/\/schema.org\",\"@graph\":[{\"@type\":\"WebPage\",\"@id\":\"http:\/\/zenivia.tech\/blog\/es\/politica-de-privacidad\/\",\"url\":\"http:\/\/zenivia.tech\/blog\/es\/politica-de-privacidad\/\",\"name\":\"Pol\u00edtica De Privacidad - WordPress\",\"isPartOf\":{\"@id\":\"http:\/\/zenivia.tech\/blog\/#website\"},\"datePublished\":\"2025-09-04T20:38:35+00:00\",\"description\":\"%Quienes somos Texto sugerido: Nuestra direcci\u00f3n del sitio web es: http:\/\/zenivia.tech\/blog. Comentarios Texto sugerido: Cuando los visitantes dejar\",\"breadcrumb\":{\"@id\":\"http:\/\/zenivia.tech\/blog\/es\/politica-de-privacidad\/#breadcrumb\"},\"inLanguage\":\"en-US\",\"potentialAction\":[{\"@type\":\"ReadAction\",\"target\":[\"http:\/\/zenivia.tech\/blog\/es\/politica-de-privacidad\/\"]}]},{\"@type\":\"BreadcrumbList\",\"@id\":\"http:\/\/zenivia.tech\/blog\/es\/politica-de-privacidad\/#breadcrumb\",\"itemListElement\":[{\"@type\":\"ListItem\",\"position\":1,\"name\":\"Home\",\"item\":\"https:\/\/zenivia.tech\/blog\/\"},{\"@type\":\"ListItem\",\"position\":2,\"name\":\"Pol\u00edtica De Privacidad\"}]},{\"@type\":\"WebSite\",\"@id\":\"http:\/\/zenivia.tech\/blog\/#website\",\"url\":\"http:\/\/zenivia.tech\/blog\/\",\"name\":\"Zenivia\",\"description\":\"\",\"publisher\":{\"@id\":\"http:\/\/zenivia.tech\/blog\/#organization\"},\"potentialAction\":[{\"@type\":\"SearchAction\",\"target\":{\"@type\":\"EntryPoint\",\"urlTemplate\":\"http:\/\/zenivia.tech\/blog\/?s={search_term_string}\"},\"query-input\":{\"@type\":\"PropertyValueSpecification\",\"valueRequired\":true,\"valueName\":\"search_term_string\"}}],\"inLanguage\":\"en-US\"},{\"@type\":\"Organization\",\"@id\":\"http:\/\/zenivia.tech\/blog\/#organization\",\"name\":\"Zenivia\",\"url\":\"http:\/\/zenivia.tech\/blog\/\",\"logo\":{\"@type\":\"ImageObject\",\"inLanguage\":\"en-US\",\"@id\":\"http:\/\/zenivia.tech\/blog\/#\/schema\/logo\/image\/\",\"url\":\"https:\/\/zenivia.tech\/blog\/wp-content\/uploads\/2025\/08\/cropped-cropped-ZenivIA-logo-blanc-fon-transparent-1.png\",\"contentUrl\":\"https:\/\/zenivia.tech\/blog\/wp-content\/uploads\/2025\/08\/cropped-cropped-ZenivIA-logo-blanc-fon-transparent-1.png\",\"width\":512,\"height\":512,\"caption\":\"Zenivia\"},\"image\":{\"@id\":\"http:\/\/zenivia.tech\/blog\/#\/schema\/logo\/image\/\"},\"sameAs\":[\"https:\/\/www.facebook.com\/people\/Zenivia-Commu\/61579001891202\/\",\"https:\/\/www.instagram.com\/zeniviacom\/\",\"https:\/\/www.linkedin.com\/in\/zenivia-communication-966669379\"]}]}<\/script>\n<!-- \/ Yoast SEO plugin. -->","yoast_head_json":{"title":"Pol\u00edtica De Privacidad - WordPress","description":"%Quienes somos Texto sugerido: Nuestra direcci\u00f3n del sitio web es: http:\/\/zenivia.tech\/blog. Comentarios Texto sugerido: Cuando los visitantes dejar","robots":{"index":"index","follow":"follow","max-snippet":"max-snippet:-1","max-image-preview":"max-image-preview:large","max-video-preview":"max-video-preview:-1"},"canonical":"http:\/\/zenivia.tech\/blog\/es\/politica-de-privacidad\/","og_locale":"en_US","og_type":"article","og_title":"Pol\u00edtica De Privacidad - WordPress","og_description":"%Quienes somos Texto sugerido: Nuestra direcci\u00f3n del sitio web es: http:\/\/zenivia.tech\/blog. Comentarios Texto sugerido: Cuando los visitantes dejar","og_url":"http:\/\/zenivia.tech\/blog\/es\/politica-de-privacidad\/","og_site_name":"WordPress","article_publisher":"https:\/\/www.facebook.com\/people\/Zenivia-Commu\/61579001891202\/","twitter_card":"summary_large_image","twitter_misc":{"Est. reading time":"4 minutes"},"schema":{"@context":"https:\/\/schema.org","@graph":[{"@type":"WebPage","@id":"http:\/\/zenivia.tech\/blog\/es\/politica-de-privacidad\/","url":"http:\/\/zenivia.tech\/blog\/es\/politica-de-privacidad\/","name":"Pol\u00edtica De Privacidad - WordPress","isPartOf":{"@id":"http:\/\/zenivia.tech\/blog\/#website"},"datePublished":"2025-09-04T20:38:35+00:00","description":"%Quienes somos Texto sugerido: Nuestra direcci\u00f3n del sitio web es: http:\/\/zenivia.tech\/blog. Comentarios Texto sugerido: Cuando los visitantes dejar","breadcrumb":{"@id":"http:\/\/zenivia.tech\/blog\/es\/politica-de-privacidad\/#breadcrumb"},"inLanguage":"en-US","potentialAction":[{"@type":"ReadAction","target":["http:\/\/zenivia.tech\/blog\/es\/politica-de-privacidad\/"]}]},{"@type":"BreadcrumbList","@id":"http:\/\/zenivia.tech\/blog\/es\/politica-de-privacidad\/#breadcrumb","itemListElement":[{"@type":"ListItem","position":1,"name":"Home","item":"https:\/\/zenivia.tech\/blog\/"},{"@type":"ListItem","position":2,"name":"Pol\u00edtica De Privacidad"}]},{"@type":"WebSite","@id":"http:\/\/zenivia.tech\/blog\/#website","url":"http:\/\/zenivia.tech\/blog\/","name":"Zenivia","description":"","publisher":{"@id":"http:\/\/zenivia.tech\/blog\/#organization"},"potentialAction":[{"@type":"SearchAction","target":{"@type":"EntryPoint","urlTemplate":"http:\/\/zenivia.tech\/blog\/?s={search_term_string}"},"query-input":{"@type":"PropertyValueSpecification","valueRequired":true,"valueName":"search_term_string"}}],"inLanguage":"en-US"},{"@type":"Organization","@id":"http:\/\/zenivia.tech\/blog\/#organization","name":"Zenivia","url":"http:\/\/zenivia.tech\/blog\/","logo":{"@type":"ImageObject","inLanguage":"en-US","@id":"http:\/\/zenivia.tech\/blog\/#\/schema\/logo\/image\/","url":"https:\/\/zenivia.tech\/blog\/wp-content\/uploads\/2025\/08\/cropped-cropped-ZenivIA-logo-blanc-fon-transparent-1.png","contentUrl":"https:\/\/zenivia.tech\/blog\/wp-content\/uploads\/2025\/08\/cropped-cropped-ZenivIA-logo-blanc-fon-transparent-1.png","width":512,"height":512,"caption":"Zenivia"},"image":{"@id":"http:\/\/zenivia.tech\/blog\/#\/schema\/logo\/image\/"},"sameAs":["https:\/\/www.facebook.com\/people\/Zenivia-Commu\/61579001891202\/","https:\/\/www.instagram.com\/zeniviacom\/","https:\/\/www.linkedin.com\/in\/zenivia-communication-966669379"]}]}},"_links":{"self":[{"href":"http:\/\/zenivia.tech\/blog\/wp-json\/wp\/v2\/pages\/97","targetHints":{"allow":["GET"]}}],"collection":[{"href":"http:\/\/zenivia.tech\/blog\/wp-json\/wp\/v2\/pages"}],"about":[{"href":"http:\/\/zenivia.tech\/blog\/wp-json\/wp\/v2\/types\/page"}],"author":[{"embeddable":true,"href":"http:\/\/zenivia.tech\/blog\/wp-json\/wp\/v2\/users\/1"}],"replies":[{"embeddable":true,"href":"http:\/\/zenivia.tech\/blog\/wp-json\/wp\/v2\/comments?post=97"}],"version-history":[{"count":1,"href":"http:\/\/zenivia.tech\/blog\/wp-json\/wp\/v2\/pages\/97\/revisions"}],"predecessor-version":[{"id":98,"href":"http:\/\/zenivia.tech\/blog\/wp-json\/wp\/v2\/pages\/97\/revisions\/98"}],"wp:attachment":[{"href":"http:\/\/zenivia.tech\/blog\/wp-json\/wp\/v2\/media?parent=97"}],"curies":[{"name":"wp","href":"https:\/\/api.w.org\/{rel}","templated":true}]}}